{"id":412,"date":"2024-09-17T00:50:13","date_gmt":"2024-09-17T03:50:13","guid":{"rendered":"https:\/\/estudioscarpinello.com.ar\/?post_type=product&#038;p=412"},"modified":"2024-09-22T20:16:27","modified_gmt":"2024-09-22T23:16:27","slug":"lote-terreno-villa-san-javier-lago-calamuchita-cordoba","status":"publish","type":"product","link":"https:\/\/estudioscarpinello.com.ar\/index.php\/producto\/lote-terreno-villa-san-javier-lago-calamuchita-cordoba\/","title":{"rendered":"Lote bald\u00edo en Villa San Javier del Lago, Calamuchita"},"content":{"rendered":"<p>Lote de terreno bald\u00edo ubicado en Villa San Javier del Lago, Departamento Calamuchita, Pedan\u00eda Santa Rosa, provincia de C\u00f3rdoba, que seg\u00fan plano confeccionado por el ingeniero Martin Ferro Secci\u00f3n B, se designa como LOTE DIECIOCHO de la MANZANA SETENTA Y UNO, que mide y linda: Al Norte, quince metros, lindando con el lote seis; al Sud quince metros lindando con calle siete; al Este cincuenta y dos metros cincuenta cent\u00edmetros, lindando con los lotes uno, dos y parte del lote tres y al Oeste cincuenta y dos metros cincuenta cent\u00edmetros, lindando con el lote diecisiete, lo que hace una superficie de 787.5 M2 (setecientos ochenta y siete metros con cincuenta dec\u00edmetros cuadrados.<\/p>\n","protected":false},"excerpt":{"rendered":"<p>Lote de terreno bald\u00edo de 787.5 m\u00b2 ubicado en Villa San Javier del Lago, Calamuchita, C\u00f3rdoba. Ideal para proyectos residenciales, con f\u00e1cil acceso y vistas panor\u00e1micas.<\/p>\n","protected":false},"featured_media":422,"template":"","meta":{"_monsterinsights_skip_tracking":false,"_monsterinsights_sitenote_active":false,"_monsterinsights_sitenote_note":"","_monsterinsights_sitenote_category":0},"product_cat":[28],"product_tag":[],"class_list":{"0":"post-412","1":"product","2":"type-product","3":"status-publish","4":"has-post-thumbnail","6":"product_cat-lotes","8":"first","9":"onbackorder","10":"virtual","11":"purchasable","12":"product-type-simple"},"aioseo_notices":[],"_links":{"self":[{"href":"https:\/\/estudioscarpinello.com.ar\/index.php\/wp-json\/wp\/v2\/product\/412"}],"collection":[{"href":"https:\/\/estudioscarpinello.com.ar\/index.php\/wp-json\/wp\/v2\/product"}],"about":[{"href":"https:\/\/estudioscarpinello.com.ar\/index.php\/wp-json\/wp\/v2\/types\/product"}],"wp:featuredmedia":[{"embeddable":true,"href":"https:\/\/estudioscarpinello.com.ar\/index.php\/wp-json\/wp\/v2\/media\/422"}],"wp:attachment":[{"href":"https:\/\/estudioscarpinello.com.ar\/index.php\/wp-json\/wp\/v2\/media?parent=412"}],"wp:term":[{"taxonomy":"product_cat","embeddable":true,"href":"https:\/\/estudioscarpinello.com.ar\/index.php\/wp-json\/wp\/v2\/product_cat?post=412"},{"taxonomy":"product_tag","embeddable":true,"href":"https:\/\/estudioscarpinello.com.ar\/index.php\/wp-json\/wp\/v2\/product_tag?post=412"}],"curies":[{"name":"wp","href":"https:\/\/api.w.org\/{rel}","templated":true}]}}