{"id":668,"date":"2024-09-25T17:29:59","date_gmt":"2024-09-25T20:29:59","guid":{"rendered":"https:\/\/estudioscarpinello.com.ar\/?post_type=product&#038;p=668"},"modified":"2025-05-27T01:08:20","modified_gmt":"2025-05-27T04:08:20","slug":"fraccion-campo-590-hectareas-potrero-san-jose","status":"publish","type":"product","link":"https:\/\/estudioscarpinello.com.ar\/index.php\/producto\/fraccion-campo-590-hectareas-potrero-san-jose\/","title":{"rendered":"Terreno en Venta \u2013 Potrero de San Jos\u00e9, Punilla"},"content":{"rendered":"<p data-start=\"153\" data-end=\"284\"><strong data-start=\"207\" data-end=\"284\">Una oportunidad \u00fanica para desarrollar en un entorno natural privilegiado<\/strong><\/p>\n<p data-start=\"286\" data-end=\"662\">Pon\u00e9 en marcha tu pr\u00f3ximo proyecto en este campo de <strong data-start=\"338\" data-end=\"355\">590 hect\u00e1reas<\/strong> ubicado en <strong data-start=\"367\" data-end=\"408\">Pedan\u00eda Dolores, Departamento Punilla<\/strong>, a minutos del coraz\u00f3n de C\u00f3rdoba. Con una superficie de <strong data-start=\"466\" data-end=\"490\">7.182 m\u00b2 disponibles<\/strong>, este terreno ofrece un marco inigualable: un arroyo que recorre la propiedad, diversidad de flora y fauna aut\u00f3ctona y un entorno natural ideal para distintos desarrollos.<\/p>\n<p data-start=\"664\" data-end=\"692\"><strong data-start=\"664\" data-end=\"690\">\u00bfQu\u00e9 lo hace especial?<\/strong><\/p>\n<ul data-start=\"693\" data-end=\"944\">\n<li data-start=\"693\" data-end=\"746\">\n<p data-start=\"695\" data-end=\"746\">Ubicaci\u00f3n estrat\u00e9gica en zona de alto crecimiento<\/p>\n<\/li>\n<li data-start=\"747\" data-end=\"815\">\n<p data-start=\"749\" data-end=\"815\">Ideal para emprendimientos tur\u00edsticos, agr\u00edcolas o residenciales<\/p>\n<\/li>\n<li data-start=\"816\" data-end=\"877\">\n<p data-start=\"818\" data-end=\"877\">Entorno natural \u00fanico, con agua corriente y biodiversidad<\/p>\n<\/li>\n<li data-start=\"878\" data-end=\"944\">\n<p data-start=\"880\" data-end=\"944\">Gran extensi\u00f3n con potencial de subdivisi\u00f3n o inversi\u00f3n a futuro<\/p>\n<\/li>\n<\/ul>\n<p data-start=\"946\" data-end=\"1072\">Convert\u00ed esta fracci\u00f3n de campo en el escenario de tu pr\u00f3ximo gran proyecto. <strong data-start=\"1023\" data-end=\"1072\">Contactanos hoy y descubr\u00ed todo su potencial.<\/strong><\/p>\n<p data-start=\"1074\" data-end=\"1140\"><strong data-start=\"1074\" data-end=\"1098\">Consultas y visitas:<\/strong><br data-start=\"1098\" data-end=\"1101\" \/>Inmobiliaria Scarpinello \u2013 3512 40-7039<\/p>\n","protected":false},"excerpt":{"rendered":"<p>Terreno de 590 hect\u00e1reas en Potrero San Jos\u00e9, Pedan\u00eda Dolores. Ideal para desarrollo residencial, tur\u00edstico o agr\u00edcola. Cuenta con arroyo interno y rica biodiversidad. \u00a1Oportunidad \u00fanica en el Departamento Punilla!<\/p>\n","protected":false},"featured_media":693,"template":"","meta":{"_monsterinsights_skip_tracking":false,"_monsterinsights_sitenote_active":false,"_monsterinsights_sitenote_note":"","_monsterinsights_sitenote_category":0},"product_cat":[43],"product_tag":[47,50,51,52,48,44,49,46,45,53],"class_list":{"0":"post-668","1":"product","2":"type-product","3":"status-publish","4":"has-post-thumbnail","6":"product_cat-campos","7":"product_tag-590-hectareas","8":"product_tag-arroyo-interno","9":"product_tag-biodiversidad","10":"product_tag-departamento-punilla","11":"product_tag-desarrollo-turistico","12":"product_tag-fraccion-de-campo","13":"product_tag-inversion-agricola","14":"product_tag-pedania-dolores","15":"product_tag-potrero-san-jose","16":"product_tag-terreno-en-venta","18":"first","19":"onbackorder","20":"virtual","21":"purchasable","22":"product-type-simple"},"aioseo_notices":[],"_links":{"self":[{"href":"https:\/\/estudioscarpinello.com.ar\/index.php\/wp-json\/wp\/v2\/product\/668"}],"collection":[{"href":"https:\/\/estudioscarpinello.com.ar\/index.php\/wp-json\/wp\/v2\/product"}],"about":[{"href":"https:\/\/estudioscarpinello.com.ar\/index.php\/wp-json\/wp\/v2\/types\/product"}],"wp:featuredmedia":[{"embeddable":true,"href":"https:\/\/estudioscarpinello.com.ar\/index.php\/wp-json\/wp\/v2\/media\/693"}],"wp:attachment":[{"href":"https:\/\/estudioscarpinello.com.ar\/index.php\/wp-json\/wp\/v2\/media?parent=668"}],"wp:term":[{"taxonomy":"product_cat","embeddable":true,"href":"https:\/\/estudioscarpinello.com.ar\/index.php\/wp-json\/wp\/v2\/product_cat?post=668"},{"taxonomy":"product_tag","embeddable":true,"href":"https:\/\/estudioscarpinello.com.ar\/index.php\/wp-json\/wp\/v2\/product_tag?post=668"}],"curies":[{"name":"wp","href":"https:\/\/api.w.org\/{rel}","templated":true}]}}